s divided by h.
14
Let w = 20 + 4. What is the remainder when 45 is divided by w?
21
Let r = 135 - -785. What is the remainder when 27 is divided by r/90 - 4/18?
7
Suppose -2*r + 60 = 3*r. Calculate the remainder when r is divided by 4.
0
Let m(p) = -p**3 + 3*p**2 - p - 4. What is the remainder when m(-2) is divided by 7?
4
Let l(a) = 2 - 4 - 3*a**2 + a + 0*a**3 + a**3 - 8*a. Calculate the remainder when l(5) is divided by 7.
6
Suppose 2*i - 12 - 2 = y, 16 = -4*y. Let m be (-1)/1 + 6 - 2. Suppose m*o - 5*f + 4 = 16, -4*o + f = -33. Calculate the remainder when o is divided by i.
4
Let d(v) be the first derivative of v**4/4 - 5*v**3/3 + 2*v**2 - 6*v - 2. Let y(a) = 6*a - 2. What is the remainder when y(7) is divided by d(5)?
12
Let a(g) = -4*g + 83. What is the remainder when 5 is divided by a(20)?
2
Let b = 30 + 25. Calculate the remainder when b is divided by 8.
7
Let b(l) be the first derivative of l**4/4 - l**3 + l**2 + 4*l + 2. What is the remainder when b(3) is divided by 6?
4
Suppose -7*s + 5*s + 66 = 0. What is the remainder when s is divided by (1 - 6 - 1)*-2?
9
Let h = -15 + 35. Suppose -2*y - 5 = 1, h = o - y. Let c = o + -7. What is the remainder when c is divided by 4?
2
Suppose 4*f + t = 59, -f - 2*f = 5*t - 40. Calculate the remainder when f is divided by 6.
3
Let t = 20 - -14. Let b(y) = 7*y - 2. Calculate the remainder when t is divided by b(2).
10
Suppose -2*o + 2*d + 32 = 0, 16 = -4*d - 0. Calculate the remainder when 45 is divided by o.
9
Calculate the remainder when (12/(-30))/((-1)/125) is divided by 17.
16
Let b = -1 + 3. Suppose -p = -4*p + 5*a + 28, b*p - 23 = -a. What is the remainder when 21 is divided by p?
10
Let t(v) = 3*v**3 - v**2 - 3*v + 1. Let o(c) = -c**2 - 16*c - 19. What is the remainder when t(2) is divided by o(-14)?
6
Suppose s - 15 = -2*s. Suppose -4*y + s*y - 4 = 0. Let f(c) = c**2 - 3*c - 1. Calculate the remainder when 7 is divided by f(y).
1
What is the remainder when -2*43/1*(-3)/2 is divided by 22?
19
What is the remainder when 167 is divided by 384/56*(-7)/(-2)?
23
Suppose 5*r = 3*b + 31, -2*b = 3*b - 2*r + 20. What is the remainder when 22 is divided by 11 - (0 - 3 - b)?
10
Suppose y - 18 = -7. What is the remainder when y is divided by 7?
4
Let g(n) = 85*n**2 - n. Calculate the remainder when g(-1) is divided by (23 + 1 - 2) + (-1 - -1).
20
Suppose -5 = -2*n - 5*p - 23, 5*n + 3 = -2*p. Suppose 2*s = 33 - n. What is the remainder when s is divided by 9?
7
Let j = -6 + 8. Suppose 3*y = j*y + 57. Calculate the remainder when y is divided by 15.
12
Let o(m) = m. Let b be o(16). Let x = b - 8. Let r = 63 - 40. What is the remainder when r is divided by x?
7
What is the remainder when ((-608)/40)/(4/(-10)) is divided by 14?
10
Suppose -4*h = -5*h + 5. Suppose 0*l + 85 = h*o + 2*l, -o - 5*l - 6 = 0. Calculate the remainder when o is divided by 10.
9
Suppose 0 = -z + 12 - 54. Calculate the remainder when (-1)/((-123)/z + -3) is divided by 5.
4
Let z(v) = -5*v**3 - v**2. Let w be z(-1). Suppose w*o - 56 = 12. What is the remainder when 49 is divided by o?
15
Suppose 6*k - 42 - 12 = 0. Calculate the remainder when 22 is divided by k.
4
Let w = -14 - -15. What is the remainder when 4 is divided by w?
0
Let v be (-460)/(-16) - 2/(-8). Suppose v = -5*y + 89. What is the remainder when 47 is divided by y?
11
Let t be 2/(-4) - (-13)/2. Suppose 4*o - 194 = -n - n, 5*n + 15 = 0. Suppose -r = -t*r + o. What is the remainder when r is divided by 6?
4
Let t(o) = o**3 + o + 2. Let d(m) = -9*m - 4. What is the remainder when d(-1) is divided by t(0)?
1
Let b(h) = -h**2 - 14*h + 4. Let j be b(-14). Let i = -4 - -7. Suppose i*x - 2 = -w, -j*w + 0*x + 2*x + 64 = 0. Calculate the remainder when w is divided by 8.
6
Let j(x) = 18*x**3 + x**2 - 1. Let p = 9 - 8. Calculate the remainder when 33 is divided by j(p).
15
Let l(v) = v + 4. Calculate the remainder when 27 is divided by l(6).
7
Suppose 2*k + 2*k = 0. Let h = 9 + -5. What is the remainder when (0 - k - -22)/2 is divided by h?
3
Let n = -105 + 170. What is the remainder when n is divided by 23?
19
Suppose v + 57 = 2*i, -6*i + i - 5*v + 105 = 0. Calculate the remainder when i is divided by 14.
12
Suppose -5 - 1 = -2*v - s, 0 = 5*v - 5*s. Let c = v + 1. Suppose -d = 5*j - 13, 3*j - 19 = 8*d - c*d. What is the remainder when 5 is divided by j?
2
Suppose 11*t - 6*t = 195. What is the remainder when t is divided by 8?
7
Let u = 8 + -5. Calculate the remainder when (-12)/20 - 446/(-10) is divided by 1/u + (-132)/(-9).
14
Let r = 35 + -30. Calculate the remainder when 19 is divided by r.
4
Suppose 4*k - 5*g - 3 = -11, 4 = -2*k + g. What is the remainder when 55 is divided by ((-6)/k)/((-24)/(-152))?
17
Suppose 0 = y - 0 - 3. What is the remainder when 19 is divided by y?
1
Let q = 42 + -14. Calculate the remainder when 98 is divided by q.
14
Let q be 4/2 + 0 + 301. Calculate the remainder when 59 is divided by q/15 - 3/15.
19
Let t(f) = 9*f - 6. Suppose -4*r + 25 = 4*g + 5, 0 = -4*g + 4*r + 28. What is the remainder when t(g) is divided by 17?
14
Suppose -37 = -y + i - 15, 0 = -5*i + 15. Let o be y/10*(-12)/(-5). Calculate the remainder when 9 is divided by (5 - -1)*3/o.
0
Suppose 7 = 4*q + 5*l, 4*q - 5 = -3*l + 4. Suppose -57 = -q*t - 15. What is the remainder when 55 is divided by t?
13
Suppose 2*l - 4*l - 76 = 0. Let f(o) = o**3 - 6*o**2 + 3*o + 2. Let i be f(6). Let q = i - l. Calculate the remainder when q is divided by 20.
18
What is the remainder when 9 is divided by ((-1)/3)/((-1)/18)?
3
Let t(x) = -x**2 + 4*x - 9. Let w be t(6). Let k = 35 + w. What is the remainder when 25 is divided by k?
11
Suppose 3*f + 10 = 5*z, -2*f = -3*z - 0 + 6. Suppose -2 = -z*s + s. Calculate the remainder when 27/45 - 64/(-10) is divided by s.
1
What is the remainder when 26 is divided by -3*(-6)/9 + -1 - -6?
5
What is the remainder when 2466/42 + 2/7 is divided by 16?
11
Let x = 13 + -9. Suppose -f + b + 11 = x*f, -2*f + b = -5. Calculate the remainder when 32 is divided by (2/3)/(f/33).
10
Suppose 0 = -4*v + 136 - 20. Suppose -2*k = -v + 1. What is the remainder when 39 is divided by k?
11
Suppose 0 = 6*z + 14 - 116. What is the remainder when 30 is divided by z?
13
Let c = 2 - -8. Let q(w) = w**2 - w. Let g(a) = a**2 - 6*a + 1. Let i(r) = -g(r) + 6*q(r). What is the remainder when c is divided by i(-1)?
2
Let t = 149 - 65. What is the remainder when t is divided by 17?
16
Let m = 49 + -31. What is the remainder when m is divided by 10?
8
Let l(j) = -3*j + 3. Suppose 4*o = -i + 23, -5*i - 4*o + 21 + 46 = 0. What is the remainder when l(-6) is divided by i?
10
Calculate the remainder when (1677/(-26))/(3/(-4)) is divided by 22.
20
Let a = 40 - 63. Suppose o = 4*o + 2*d + 114, 5*d + 65 = -2*o. Let p = a - o. Calculate the remainder when p is divided by 9.
8
Suppose 0 = -d - 2*u - 2, -3*d + 6 = 5*u - 3*u. Let h = d - -46. What is the remainder when h is divided by 13?
11
Let s = 998 + -447. Suppose -2*z = -3*h + 249, -h = 3*z + s - 205. Let m = -79 - z. Calculate the remainder when m is divided by 13.
12
Suppose 5*s - 71 = -3*a, 0*a + s - 111 = -5*a. Let q(z) = z**2 + 9*z + 8. Let d be q(-6). Let h = d + a. Calculate the remainder when h is divided by 7.
5
Let f = 237 + -9. Calculate the remainder when f is divided by 33.
30
Let g = -13 - -41. Suppose r - g = -0*r - 5*b, 2*b = 2*r - 44. Let i(n) = 9*n**2 + n. Calculate the remainder when r is divided by i(-1).
7
Let l = -110 - -126. Calculate the remainder when 25 is divided by l.
9
Let l = 4 + -2. Suppose 5*y - l*y - 2*v - 5 = 0, 0 = -2*v + 4. Calculate the remainder when y is divided by 3.
0
Suppose -5*s - 4*a - a + 45 = 0, 5*s - 5*a = 15. Calculate the remainder when -42*(3 + 7/(-2)) is divided by s.
3
Let f(u) = -3*u + 9. Let i = 7 - -46. Suppose -2*y - 19 = -h, -2*h - i = 4*y + h. What is the remainder when f(y) is divided by 15?
12
Let l(n) = 2*n**2 - 5*n - 6. Suppose 30*h - 2*k = 29*h + 23, -h + 27 = -4*k. Calculate the remainder when l(6) is divided by h.
17
Suppose 0 = 4*y - 5*r, -3*r - 9 = -5*y + r. Suppose 4*p + y*f - 234 = 0, -4*f = -4*p + 94 + 122. What is the remainder when p is divided by 19?
18
Let b be ((-4)/8)/((-1)/8). Suppose 4*a - 37 = 3*f, -4*a - 3*f + b = -63. What is the remainder when a is divided by 7?
6
L